digit of (12/a)/((-40)/(-14900))?
7
Let w(b) = b**3 - 17*b**2 - 52*b + 31. Let c(t) = t**3 + 34*t**2 - t - 12. Let z be c(-34). What is the units digit of w(z)?
7
Suppose -p - 98*y + 95*y = -109, 0 = 4*y + 12. Let h(k) = -76*k**2 + 1. Let c be h(-1). Let u = p + c. What is the units digit of u?
3
Suppose 30 = 4*q - p - 43, 2*q + 5*p - 9 = 0. Suppose -q*w - 5660 = 52. Let g = -133 - w. What is the hundreds digit of g?
2
Let u(s) = 172*s**2 + 84*s + 2353. What is the ten thousands digit of u(-20)?
6
Let q(n) = -n**3 - 2*n**2 + 6*n + 8. Let l be q(-6). Let v be 8/(-2) - (8/(-4) + -15). What is the tens digit of l/1 + (v - 16)?
1
Let b(c) = c**2 - 6*c - 27. Let a be b(9). Suppose 19*v - 24*v + 1390 = a. What is the hundreds digit of v?
2
Suppose 2*k - 39336 = -m, -681*k = -3*m - 677*k + 117938. What is the thousands digit of m?
9
Let z(k) = 11*k**2 - 53*k + 666. What is the tens digit of z(-43)?
8
What is the units digit of 1/(22750/(-3794) + 6)?
1
Let i(x) = 42*x + 52. Suppose 91 = 9*h + 4*h. What is the tens digit of i(h)?
4
Let a(s) = -201*s**3 + 6*s**2 - 5*s + 29. Let z(d) = 101*d**3 - 3*d**2 + 3*d - 13. Let t(v) = 2*a(v) + 5*z(v). What is the tens digit of t(2)?
1
Let j(y) = 9912*y + 141. What is the tens digit of j(3)?
7
Let s(c) = -61*c + 37*c - 108 + 24*c + 34*c. What is the tens digit of s(5)?
6
Let i = -1124 + 1036. Let b be 133*(0/2 + 1). Let t = i + b. What is the tens digit of t?
4
Let w = -1954 - -81844. What is the thousands digit of w?
9
Let v(z) = z**2 + 1. Let k(w) = w**3 - 19*w**2 + 11*w + 16. Let o(l) = k(l) - 3*v(l). What is the hundreds digit of o(22)?
2
Suppose -4*p = 2*z - 27802, -z + 13892 = 2*p - 3*p. What is the units digit of (-3)/((-135)/z) - 6/(-27)?
9
Suppose -3*a - 5*s + 3027 = 0, -19*s + 3018 = 3*a - 17*s. What is the tens digit of a?
0
Let g(z) = 2*z**3 + 14*z**2 - 13*z - 4. Let x be (-5)/(-3)*(-27 - -24). What is the units digit of g(x)?
1
Let t(x) = x**2 + 13*x - 28. Let c(i) = 6*i + 33. Suppose -7 = 4*r - 5*s, -2*r - 5*s = 8 + 33. Let z be c(r). What is the units digit of t(z)?
2
Suppose 107437 + 36795 = 11*l. What is the units digit of l?
2
Let m = -247 + -939. Suppose -72 = -67*k + 61*k. What is the tens digit of 2/k + m/(-12)?
9
Let g(v) = -39*v + 21. Let m be g(-2). What is the units digit of (5 + m/(-15))*-40?
4
Let u(v) = -56*v - 70. Let f be u(-10). Suppose -21*k + 23*k - 960 = 3*t, -k + f = -4*t. What is the units digit of k?
4
Let s = -1954 + 1264. Let f = s + 1013. What is the units digit of f?
3
Suppose -77*d + 2*d = -675. Suppose -4*x = -x + 4*i - 3355, -4*i + 2242 = 2*x. Suppose 16*o = d*o + x. What is the hundreds digit of o?
1
Let z = -7 - 4. What is the units digit of (-2950)/z - ((-210)/55 + 4)?
8
Let p(x) be the first derivative of 3*x**2 - 10*x + 863. Let a(f) = f**2 - f - 3. Let u be a(4). What is the units digit of p(u)?
4
Let c be (-15)/90 + 57/18. Suppose 5*m = c*g - 7*g + 6528, -3*m = 2*g - 3916. What is the tens digit of m?
0
Suppose 3*m + 4729 = 3*s + 4*m, 0 = -4*s - 5*m + 6309. Suppose 0 = 4*g - v - s, 2*g - 4*v = -21 + 795. What is the hundreds digit of g?
3
Let w be -1 + 10 + -15 + 0 + 11. What is the hundreds digit of (w - -117*3) + -1?
3
Suppose -122 = -2*c + 98. Suppose 5*g - c = 135. Let r = -28 + g. What is the units digit of r?
1
What is the hundreds digit of ((-2104746)/(-50) - 0) + (-638)/(-7975)?
0
Let s(d) be the first derivative of -52*d**2 - 69*d - 14. What is the units digit of s(-12)?
9
Let k be 124/28 + (-3)/7. Let r(v) = -4*v**3 + v**2 - 4*v. Let i be r(k). Let u = i + 400. What is the tens digit of u?
4
Let f(h) = -6*h**3 - 9*h**2 - 2*h - 1. Let y be f(4). Let m = y - -984. What is the tens digit of m?
4
Suppose -2*n + 220 = -2*t, 4*t - 5*t = -1. Let v = n + 60. Let s = v + -91. What is the units digit of s?
0
Suppose -5*f = -m - 27, 13*f - 15*f - m = -15. What is the hundreds digit of f/4 + -3*1130/(-12)?
2
Let r = -162 + 71. Let t be (-8)/(-2)*(r/28 - -4). Suppose -4*d = t*d - 1169. What is the hundreds digit of d?
1
Let w = 8 + -4. Let s(l) = 5*l**2 - 1. Let r be s(-1). Suppose 5*g = -r*i + 1010, 15 = w*i - g - 1007. What is the units digit of i?
5
Let r be 15/6 + (-2 + -2)/8. Suppose 5*i + 120 = 4*x, -r*i + 10 = 3*x - 57. Let c = x + -21. What is the units digit of c?
4
Suppose -7*g = -2*g + 970. Let o be (-50)/25 - ((-10)/(-5) + -303). Let c = o + g. What is the units digit of c?
5
Let q = -42 - -48. What is the tens digit of (1407/q)/((-7)/(-14))?
6
Let c = -33488 - -50030. What is the tens digit of c?
4
Let z(g) be the second derivative of -g**5/10 + g**4/3 + 3*g**3/2 + 9*g**2 + g + 9. What is the tens digit of z(-5)?
2
What is the units digit of 99/(-33)*(-28772)/3?
2
Suppose 44*z - 434469 - 137915 = -18*z. What is the tens digit of z?
3
What is the hundreds digit of ((-106)/(-1))/((-31)/(-2294))?
8
Let y = 86 + -83. Suppose 10*w = 9*w - y*g + 261, 0 = -5*g - 25. What is the units digit of w?
6
Let g = -3483 - -5144. What is the units digit of g?
1
Suppose 4*s = 5*m + 33, s + 3*m = 2*m - 3. What is the hundreds digit of 23738/52 - (-1)/s?
4
Let d(t) = -2*t**2 - 41*t - 12. Let m be d(-20). Let h be (-385)/(-30) + (-3)/(-18). Suppose -m*g + h*g - 15 = 0. What is the units digit of g?
3
Suppose -7027 - 6487 = -29*h. Let v = h - -150. What is the units digit of v?
6
Let h(t) = -246*t**3 - 5*t**2 + 25*t + 74. What is the tens digit of h(-3)?
9
Suppose 0 = -112*r - 113*r + 5402221 + 962804. What is the tens digit of r?
8
Let x = 62264 - 33849. What is the thousands digit of x?
8
Let s(h) = 201*h - 22. Let f be s(16). Let z = 1430 - f. What is the tens digit of z/(-27) + (-2)/(-3)?
6
Suppose -3 = -a - 4*a + w, a - 3*w - 9 = 0. Let l be (-5 + a + 4)*1. What is the tens digit of l/4*(-1416)/6?
5
Suppose 5*n = 3*o - 26, 5*n = -4*o + 8 + 15. What is the hundreds digit of 1543 - -9 - (o - 11)?
5
Suppose -b - 7 = 0, 16*h - 4*b - 19178 = 14*h. What is the tens digit of h?
7
Let c be (-2)/9 + (-1 - 224/(-36)). Suppose -34 + 13 = -c*i - a, 2*i - 6 = -a. Suppose 0 = -4*x - 9 + 1, 2*f - 22 = i*x. What is the units digit of f?
6
Let l(f) = -10*f + 5 - f + 9 - 7*f. Let i(k) = k**3 + 5*k**2 + 2*k + 2. Let r be i(-5). What is the units digit of l(r)?
8
Suppose -3*p - 29 = -32. Suppose -2*h = -h - p, 2*m + 5*h = -237. What is the units digit of (-12)/8 + m/(-2)?
9
Let i(q) = q**2 + 7*q + 2. Let r be i(-4). Let v(m) = m - 3. Let p be v(r). What is the units digit of -5 - -3 - (p + 0)?
1
What is the hundreds digit of (-12)/(2 - 5) + (14 - -73000) - 5?
0
Let o be (-15)/20 - 24/(-32). Suppose -4*j - 5*h + 565 = o, 154 = -4*j + 5*j - 3*h. What is the tens digit of j?
4
Let f be (-3)/(252/8) + 2604/(-441). What is the tens digit of (-21225)/(-10)*(-4)/f?
1
Suppose 5*a + 2*h = -15605 + 73965, -3*a = 4*h - 35002. What is the tens digit of a?
7
Let u(p) = -p**3 - 139*p**2 - 454*p + 891. What is the units digit of u(-137)?
1
Let b = -19 - 128. Let y = 997 - 623. Let q = b + y. What is the tens digit of q?
2
Suppose -5*x = -3*k - x - 7, -2*k = 5*x + 43. Let t be k/(-18) + 17/2. Suppose -2765 + 290 = -t*z. What is the tens digit of z?
7
Suppose -5*r = -2*m + 14, 4*m = 4*r - 2*r + 28. Suppose 2*f - 17 = 61. What is the units digit of (1 + 0)*((m - 3) + f)?
3
Let k(g) = -139*g - 3. Let f be k(-1). Suppose 3*v = 5*h - f, 2*v + 4*h = -0*h - 76. Let y = 93 + v. What is the units digit of y?
1
Let a = 148 - 53. Let s = 101 - a. Let r(z) = z**3 + z**2 + 5*z + 6. What is the tens digit of r(s)?
8
Let p(a) = -a**3 + 64*a**2 + 40*a - 342. What is the hundreds digit of p(64)?
2
Suppose 0 = -3*l - 64 + 22. Let j be -3*((l/3 - -2) + 1). Suppose -5*o + 234 = -5*t - 201, -o - j*t = -69. What is the units digit of o?
4
Suppose 5*a = 5*b - 3675, 0 = -2*a + b - 812 - 660. Let p = a - -1074. What is the units digit of p?
7
Suppose -76*t + 71*t = -4*x + 60653, 45466 = 3*x + t. What is the ten thousands digit of x?
1
Suppose 0 = -2*q + 5*z - 817, -31*q - 4*z = -27*q + 1564. Let c = -8 - q. What is the hundreds digit of c?
3
Let n(l) = l**3 + 1 + 3 + 0*l - l + 8*l**2. Suppose -13*o = -16*o - 6, -5*j - 3*o - 46 = 0. What is the tens digit of n(j)?
1
Suppose 3*k = 7*k - 6076. Suppose 2*o + 5*o = -k. What is the tens digit of 2 - (o - (-10)/(-2))?
2
Let n(v) = -53*v + 0 + 25*v - 17 - 3 + 32*v. Let g(z) = z**2 + 